/10)?
4
What is the remainder when 42 is divided by (14/20 + 7/(-35))*46?
19
Let p = 21 - 15. Suppose -v - p = -2*v. Calculate the remainder when 17 is divided by v.
5
Suppose 4*p = 2*h - 196, h - 63 - 40 = 3*p. Calculate the remainder when h is divided by 30.
28
Let f = 1 - -5. Calculate the remainder when 10 is divided by f.
4
Let g be 3 - (117*1 + -2). Let l be g/18 + 2/9. What is the remainder when 38 is divided by 4 - -9 - l/(-2)?
8
Suppose 2*j - 4 = 6*j. Let y(r) = -15*r + 1. Calculate the remainder when y(j) is divided by 9.
7
Calculate the remainder when 22 is divided by (-13)/(-2) + 10/(-20).
4
Let q(o) = 11*o - 1. Let z(j) = -j + 3. Let a be z(2). Calculate the remainder when 18 is divided by q(a).
8
Suppose 2*l = -2*l + 8. Let r = l - -1. What is the remainder when 11 is divided by r?
2
Let c = 16 - -5. Let g be (-106)/(-3) + 14/c. What is the remainder when (-1 - 0) + g*1 is divided by 12?
11
Let o(q) be the first derivative of q**3 - q**2 + 2. What is the remainder when o(3) is divided by 11?
10
Calculate the remainder when 39 + -1 + (3 - 6) is divided by 6.
5
Let l = -8 + 11. Suppose 4*a = 2*g + 34, -a - 5*g = -0 - l. Let v(o) = o**2 + 9*o - 5. What is the remainder when v(-12) is divided by a?
7
Suppose 4*b = -b + 125. Calculate the remainder when b is divided by 13.
12
Suppose -84 = i + 3*i. What is the remainder when -3 - (0 + 2)*i is divided by 21?
18
Let a(g) = g**3 - 8*g**2 + 4. Let u be 76/10 + 10/25. What is the remainder when 7 is divided by a(u)?
3
Suppose 4*g - 3*b = 561, -2*g + 2*b + 278 = -0*g. Suppose 5*m - g = 2*m. Calculate the remainder when m is divided by 17.
14
Let o = -2 - -4. Suppose 4*w - o*c - 134 = 0, -3*c = -w - 8*c + 50. Calculate the remainder when w is divided by 12.
11
What is the remainder when 1866/18 + (-2)/3 is divided by 26?
25
Suppose 3*w + 120 = 2*k + 3*k, -5*k - 3*w = -150. Let j = -3 + k. Suppose -2*b = 4*s - 42, -29 = -2*s - s - 2*b. What is the remainder when j is divided by s?
11
Suppose 0*q - 4*q + 140 = 0. What is the remainder when q/(-5)*2/(-1) is divided by 4?
2
Let s = 165 - 105. Calculate the remainder when s is divided by 17.
9
Suppose 0 = -o + 5*o - 48. Calculate the remainder when o is divided by 3*(-6)/117 + (-186)/(-26).
5
Suppose -188 = -4*u - y, 3*u - 3*y - 116 = 10. Suppose -3*b + 60 = 3*q, -q = 2*b - 31 - 5. What is the remainder when u is divided by b?
14
Suppose v + 195 = 16*v. What is the remainder when 48 is divided by v?
9
Let v(m) = 2*m - 1. Suppose 2*f = 1 + 1. Calculate the remainder when v(1) is divided by f.
0
Let z(b) = 6*b - 6. Let o be z(5). Let m = o + -17. Let a(t) = -t + 19. Calculate the remainder when m is divided by a(14).
2
Suppose -5 = 5*a, -2*m - 5*a + 2*a = 7. Let o be 2 + 1 + m + 3. Suppose 45 = 7*c - o*c. Calculate the remainder when 43 is divided by c.
13
Suppose -3*z = 3*f - f + 19, -4*z + 4*f + 8 = 0. Calculate the remainder when 17 is divided by 3 - z*(-4)/(-6).
2
Calculate the remainder when 20 is divided by 6 + 0/4 - (-1 + 0).
6
Suppose -2*c + 2*w = -w, -5*c + 2*w = -11. What is the remainder when 4 is divided by c?
1
Suppose -35 = -j + c, -124 = -5*j - c + 33. Let a = j + -23. What is the remainder when 16 is divided by a?
7
Let y = -13 - -43. Calculate the remainder when 58 is divided by y.
28
Let t = 42 - 30. Calculate the remainder when 34 is divided by t.
10
Let c(u) = 3*u**2 + 2*u - 1. What is the remainder when c(-5) is divided by 22?
20
Let k = 128 + -124. What is the remainder when 57 is divided by k?
1
Let r(w) = w**3 + 7*w**2 - 2*w + 9. Calculate the remainder when 90 is divided by r(-7).
21
What is the remainder when 22 - 0*1*1/2 is divided by 14?
8
What is the remainder when 5 is divided by 1*(2 + -1) - -3?
1
Suppose 40 = -0*x + 5*x. What is the remainder when 15 is divided by x?
7
Let b = 0 + 5. Suppose 0 = -b*u + u + 72. Calculate the remainder when 53 is divided by u.
17
Let n(u) be the first derivative of -u**2/2 - 2. Let y(a) = -2*a**2 + 6*a + 1. Let m(p) = -5*n(p) - y(p). Calculate the remainder when m(-4) is divided by 12.
11
Let f(r) = r**3 - 17*r**2 + 25*r - 16. Calculate the remainder when f(16) is divided by 26.
24
Suppose -2*d + 10 = -3*d. Let x = 31 + d. Calculate the remainder when x is divided by 8.
5
Let y(z) = -z**2 + 4*z + 5. Suppose -2*f + 5*w - 12 = 0, -4*f - 3*w = -7*w. What is the remainder when (2/(-5))/(1/(-20)) is divided by y(f)?
3
Let f(u) = u**2 - 6*u + 2. Calculate the remainder when (-50)/(-12) + 9/(-54) is divided by f(6).
0
Suppose 2*k - 23 = -5*o - 10, -3*o - 13 = -4*k. Let x = 16 + -10. What is the remainder when x is divided by k?
2
Let a be 8/(-12)*(-6 - -3). Suppose 0 = -d - 3*d - 5*r + 17, -r - 19 = -a*d. What is the remainder when 37 is divided by d?
5
Let m = 24 - 23. Suppose 0*o = -5*l - 3*o + m, -5*l - 2 = 4*o. Calculate the remainder when l is divided by 2.
0
Suppose h - 2 - 4 = 0. Suppose h*b - b = 4*v - 377, b + 1 = 0. Suppose -3*o + v = -5*f + 17, o - 2*f = 27. What is the remainder when 32 is divided by o?
15
Suppose o + 8*f - 40 = 3*f, -4*f = 5*o - 137. Calculate the remainder when o is divided by (-2)/(2*4/(-36)).
7
Let b be -3 - -2 - 2 - -3. Calculate the remainder when 31 is divided by b + 3 + 2 + 3.
7
Suppose 3*k - 423 = 129. Calculate the remainder when k/4 - (2 + 1) is divided by 11.
10
Suppose 5*j = -90 - 180. Calculate the remainder when (2 - 3)*j + -1 is divided by 14.
11
Let i = -46 - -48. What is the remainder when 6 is divided by i?
0
Let v = 69 + -38. Let x(l) = -4*l - 3. Let r(p) = 7*p + 7. Let s(w) = 3*r(w) + 5*x(w). Calculate the remainder when v is divided by s(10).
15
Suppose -1 = -2*n - 27. Let x(t) = -t**2 - 11*t + 3. Let r be x(-9). Let m = n + r. Calculate the remainder when 22 is divided by m.
6
Suppose o = 5*m - 224, 115 = 3*m + 4*o - 1. Calculate the remainder when 217 is divided by m.
41
Suppose 3*x = -2*x - 5*t - 10, 0 = 5*x - 4*t - 35. Suppose x*b = -r, -70 = -5*r + r + 2*b. What is the remainder when r is divided by 8?
7
Suppose 0 = -j + 2*j + 3. Let t(m) = -6*m + 4. What is the remainder when t(j) is divided by 12?
10
Let b = 231 + -138. Calculate the remainder when b is divided by 14.
9
Let r = 52 - -3. Suppose -4*c + 7*c = 2*i + r, -i + c = 26. What is the remainder when 16 is divided by 1/4 - i/4?
4
Let i = -7 - -18. Suppose -4*v - 4 = -4*f - 88, v - 4*f - 6 = 0. Let y = v - 5. Calculate the remainder when y is divided by i.
10
Let s(p) = -p**2 + 11*p + 5. Let a be 11 - (1 + 0/(-1)). What is the remainder when s(a) is divided by 8?
7
Let w = 65 - 12. What is the remainder when w is divided by 27?
26
Suppose 0 = -2*m - 4*g + 30, -5*m + g + 36 = -2*g. Calculate the remainder when 33 is divided by m.
6
Suppose -o + 4*m + 14 - 3 = 0, 5*o - 2*m - 19 = 0. Calculate the remainder when 12 + -16 - (2 - -19)/(-3) is divided by o.
0
Let b(u) = 2*u**2 + 16*u - 11. What is the remainder when b(-11) is divided by 15?
10
Let r(i) = -i. Let m(q) = -q**3 - 9*q**2 - 2*q - 7. Let f(n) = m(n) - r(n). Let l be f(-9). Calculate the remainder when 70/(-1*(-3 + l)) is divided by 24.
22
Let z = -49 - -279. What is the remainder when z is divided by 58?
56
Let i = 1 - -1. Suppose 0 = -0*z + z - i. Calculate the remainder when z is divided by 2.
0
Let p = -95 + 144. What is the remainder when p is divided by 13?
10
Suppose 138 = b + 3*r - 0*r, 3*b + 5*r - 402 = 0. Calculate the remainder when b is divided by 22.
19
Suppose w - 33 = 5*g + 20, -4*g - 16 = 0. Calculate the remainder when w is divided by (10 - -2)*(-9)/(-12).
6
Let m(i) = i**2 - 6*i + 7. Calculate the remainder when m(10) is divided by 12.
11
Let m(i) = -i**2 - 10*i - 5. Suppose 0*j = 3*j - 9. Calculate the remainder when m(-8) is divided by j.
2
Let f = 0 + 6. What is the remainder when 17 is divided by f?
5
Suppose 8*v = 3*v - 20. Let s = -2 - v. What is the remainder when 33 is divided by s/6 - (-50)/3?
16
Let t(k) = 4*k**2 - 4. Let u = -1 + 18. What is the remainder when t(-3) is divided by u?
15
Suppose -2*p + 20 = 3*p. Suppose -p*v + 55 = -65. What is the remainder when v is divided by ((-32)/10)/((-2)/10)?
14
Let z(j) = j**2 - 2*j - 4. Let h be z(4). Suppose 2*q + 2 = 0, -2*p + h*q + 199 = 3*p. Calculate the remainder when p is divided by 14.
11
Let j(y) = -6*y - 82. What is the remainder when 14 is di